{"id":18,"date":"2023-01-04T21:01:58","date_gmt":"2023-01-05T00:01:58","guid":{"rendered":"https:\/\/caminhoscomciencia.com\/?page_id=18"},"modified":"2023-01-04T21:01:59","modified_gmt":"2023-01-05T00:01:59","slug":"missao","status":"publish","type":"page","link":"https:\/\/caminhoscomciencia.com\/index.php\/missao\/","title":{"rendered":"Miss\u00e3o"},"content":{"rendered":"\n<p>Promover a realiza\u00e7\u00e3o e divulga\u00e7\u00e3o cient\u00edfica de astronomia e das diversas ci\u00eancias, por meio da inclus\u00e3o e integra\u00e7\u00e3o entre ci\u00eancia, tecnologia e inova\u00e7\u00e3o na educa\u00e7\u00e3o.<\/p>\n","protected":false},"excerpt":{"rendered":"<p>Promover a realiza\u00e7\u00e3o e divulga\u00e7\u00e3o cient\u00edfica de astronomia e das diversas ci\u00eancias, por meio da inclus\u00e3o e integra\u00e7\u00e3o entre ci\u00eancia, tecnologia e inova\u00e7\u00e3o na educa\u00e7\u00e3o.<\/p>\n","protected":false},"author":1,"featured_media":0,"parent":0,"menu_order":0,"comment_status":"closed","ping_status":"closed","template":"","meta":{"footnotes":""},"class_list":["post-18","page","type-page","status-publish","hentry"],"_links":{"self":[{"href":"https:\/\/caminhoscomciencia.com\/index.php\/wp-json\/wp\/v2\/pages\/18","targetHints":{"allow":["GET"]}}],"collection":[{"href":"https:\/\/caminhoscomciencia.com\/index.php\/wp-json\/wp\/v2\/pages"}],"about":[{"href":"https:\/\/caminhoscomciencia.com\/index.php\/wp-json\/wp\/v2\/types\/page"}],"author":[{"embeddable":true,"href":"https:\/\/caminhoscomciencia.com\/index.php\/wp-json\/wp\/v2\/users\/1"}],"replies":[{"embeddable":true,"href":"https:\/\/caminhoscomciencia.com\/index.php\/wp-json\/wp\/v2\/comments?post=18"}],"version-history":[{"count":1,"href":"https:\/\/caminhoscomciencia.com\/index.php\/wp-json\/wp\/v2\/pages\/18\/revisions"}],"predecessor-version":[{"id":19,"href":"https:\/\/caminhoscomciencia.com\/index.php\/wp-json\/wp\/v2\/pages\/18\/revisions\/19"}],"wp:attachment":[{"href":"https:\/\/caminhoscomciencia.com\/index.php\/wp-json\/wp\/v2\/media?parent=18"}],"curies":[{"name":"wp","href":"https:\/\/api.w.org\/{rel}","templated":true}]}}