{"id":827,"date":"2025-04-09T13:51:37","date_gmt":"2025-04-09T16:51:37","guid":{"rendered":"https:\/\/caminhoscomciencia.com\/?page_id=827"},"modified":"2025-04-09T13:51:38","modified_gmt":"2025-04-09T16:51:38","slug":"assinatura-eletronica-verificada-prefeitura-mun-de-feira-grande","status":"publish","type":"page","link":"https:\/\/caminhoscomciencia.com\/index.php\/assinatura-eletronica-verificada-prefeitura-mun-de-feira-grande\/","title":{"rendered":"ASSINATURA ELETR\u00d4NICA VERIFICADA: PREFEITURA MUN. DE FEIRA GRANDE"},"content":{"rendered":"\n<p>Documento assinado eletr\u00f4nicamente por: <strong>D\u00c1RIO ROBERTO SILVA LIRA<\/strong>.<br>*INSTITUI\u00c7\u00c3O CERTIFICADORA 01: <strong>Caminhos com Ci\u00eancia<\/strong><br>*INSTITUI\u00c7\u00c3O CERTIFICADORA 02: <strong>Prefeitura Municipal de Feira Grande<\/strong><br>*AUTENTICA\u00c7\u00c3O ELETR\u00d4NICA: <strong>PEN20240527.001AL<\/strong><\/p>\n\n\n\n<p>Assinatura distribu\u00edda em lotes.<\/p>\n","protected":false},"excerpt":{"rendered":"<p>Documento assinado eletr\u00f4nicamente por: D\u00c1RIO ROBERTO SILVA LIRA.*INSTITUI\u00c7\u00c3O CERTIFICADORA 01: Caminhos com Ci\u00eancia*INSTITUI\u00c7\u00c3O CERTIFICADORA 02: Prefeitura Municipal de Feira Grande*AUTENTICA\u00c7\u00c3O ELETR\u00d4NICA: PEN20240527.001AL Assinatura distribu\u00edda em lotes.<\/p>\n","protected":false},"author":1,"featured_media":0,"parent":0,"menu_order":0,"comment_status":"closed","ping_status":"closed","template":"","meta":{"footnotes":""},"class_list":["post-827","page","type-page","status-publish","hentry"],"_links":{"self":[{"href":"https:\/\/caminhoscomciencia.com\/index.php\/wp-json\/wp\/v2\/pages\/827","targetHints":{"allow":["GET"]}}],"collection":[{"href":"https:\/\/caminhoscomciencia.com\/index.php\/wp-json\/wp\/v2\/pages"}],"about":[{"href":"https:\/\/caminhoscomciencia.com\/index.php\/wp-json\/wp\/v2\/types\/page"}],"author":[{"embeddable":true,"href":"https:\/\/caminhoscomciencia.com\/index.php\/wp-json\/wp\/v2\/users\/1"}],"replies":[{"embeddable":true,"href":"https:\/\/caminhoscomciencia.com\/index.php\/wp-json\/wp\/v2\/comments?post=827"}],"version-history":[{"count":2,"href":"https:\/\/caminhoscomciencia.com\/index.php\/wp-json\/wp\/v2\/pages\/827\/revisions"}],"predecessor-version":[{"id":829,"href":"https:\/\/caminhoscomciencia.com\/index.php\/wp-json\/wp\/v2\/pages\/827\/revisions\/829"}],"wp:attachment":[{"href":"https:\/\/caminhoscomciencia.com\/index.php\/wp-json\/wp\/v2\/media?parent=827"}],"curies":[{"name":"wp","href":"https:\/\/api.w.org\/{rel}","templated":true}]}}